{"id":233,"date":"2024-03-11T18:12:21","date_gmt":"2024-03-11T18:12:21","guid":{"rendered":"https:\/\/www.clubenavaldofunchal.com\/madeirasupchallenge\/?page_id=233"},"modified":"2024-05-14T10:40:37","modified_gmt":"2024-05-14T10:40:37","slug":"historial","status":"publish","type":"page","link":"https:\/\/www.clubenavaldofunchal.com\/madeirasupchallenge\/historial\/","title":{"rendered":"Historial"},"content":{"rendered":"\t\t<div data-elementor-type=\"wp-page\" data-elementor-id=\"233\" class=\"elementor elementor-233\">\n\t\t\t\t\t\t<section class=\"elementor-section elementor-top-section elementor-element elementor-element-2f65a7de elementor-reverse-mobile elementor-section-boxed elementor-section-height-default elementor-section-height-default\" data-id=\"2f65a7de\" data-element_type=\"section\" data-e-type=\"section\" data-settings=\"{&quot;ekit_has_onepagescroll_dot&quot;:&quot;yes&quot;}\">\n\t\t\t\t\t\t<div class=\"elementor-container elementor-column-gap-default\">\n\t\t\t\t\t<div class=\"elementor-column elementor-col-100 elementor-top-column elementor-element elementor-element-63f91de0\" data-id=\"63f91de0\" data-element_type=\"column\" data-e-type=\"column\">\n\t\t\t<div class=\"elementor-widget-wrap elementor-element-populated\">\n\t\t\t\t\t\t<div class=\"elementor-element elementor-element-5b3db4da de_scroll_animation_no elementor-invisible elementor-widget elementor-widget-text-editor\" data-id=\"5b3db4da\" data-element_type=\"widget\" data-e-type=\"widget\" data-settings=\"{&quot;_animation&quot;:&quot;fadeIn&quot;,&quot;_animation_delay&quot;:400,&quot;ekit_we_effect_on&quot;:&quot;none&quot;}\" data-widget_type=\"text-editor.default\">\n\t\t\t\t<div class=\"elementor-widget-container\">\n\t\t\t\t\t\t\t\t\t<h4 style=\"text-align: justify;\">A primeira edi\u00e7\u00e3o do MISC ocorreu em 2017 e serviu de pretexto \u00e0 realiza\u00e7\u00e3o dos primeiros Campeonatos Nacionais de Portugal em SUP sob a \u00e9gide da Federa\u00e7\u00e3o Portuguesa de Surf, nas vertentes de Race e Maratona J\u00fanior, nos escal\u00f5es Sub15 e Sub18, e ainda, na primeira etapa do Circuito Nacional Open.<\/h4><p style=\"text-align: justify;\">Esta primeira edi\u00e7\u00e3o, ficou marcada pela participa\u00e7\u00e3o de perto de uma centena de praticantes, nacionais e dois estrangeiros em representa\u00e7\u00e3o da Su\u00e9cia e Espanha.<\/p><p style=\"text-align: justify;\">Em 2018, voltamos a coorganizar este evento com a Federa\u00e7\u00e3o Portuguesa de Surf, permitindo a presen\u00e7a de um maior e mais competitivo evento, com a presen\u00e7a de cinco ex-campe\u00f5es nacionais de Portugal, com refer\u00eancia para Filipe Meira, Jos\u00e9 Cirilo, R\u00faben Afonso, Ricardo Rodrigues, e Tom\u00e1s Lacerda, a quem se juntou Anabela Prioste e Angela Chevarria Fernandes e ainda a espanhola e ex-atleta ol\u00edmpica Marta Salaberri.<\/p><p style=\"text-align: justify;\">Em 2019 o evento refez-se em termos da sua data, e foi repensado no sentido da sua internacionaliza\u00e7\u00e3o, no entanto n\u00e3o foi poss\u00edvel o &#8216;salto&#8217; pretendido, expectativa criada para o ano seguinte.<\/p><p style=\"text-align: justify;\">Com a situa\u00e7\u00e3o pand\u00e9mica em 2020, n\u00e3o nos foi poss\u00edvel concretizar o evento, contudo surgiu a oportunidade de em 2021 integrar pela primeira vez uma etapa do circuito europeu Eurotour, circuito que percorre cerca de 15 pa\u00edses europeus, e \u00e9 destinado \u00e0s categorias de Elite, Jovens, Juniores e Open.<\/p><p style=\"text-align: justify;\">Em 2017 contamos com o conceituado consultor e treinador sueco Magnus Lindstedt, que apresentou uma a\u00e7\u00e3o chamada &#8216;O desenvolvimento da t\u00e9cnica Stand Up Paddle &#8211; como remar de uma forma mais econ\u00f3mica e eficaz&#8217;. A sua presen\u00e7a trouxe novas abordagens t\u00e9cnicas, uma outra vis\u00e3o do SUP para a maioria dos atletas que participaram no workshop, como tamb\u00e9m serviu de inspira\u00e7\u00e3o para os que praticam esta modalidade.<\/p><p style=\"text-align: justify;\">Na segunda edi\u00e7\u00e3o, o document\u00e1rio do pentacampe\u00e3o mundial Casper Steinfath &#8216;Standing on Water&#8217; foi mote \u00e0 divulga\u00e7\u00e3o do evento, preparando 2020, que face \u00e0 pandemia, apenas permitiu ressurgir em 2021.<\/p><p style=\"text-align: justify;\">O ano de 2021 trouxe a parceria entre o clube organizador, Clube Naval do Funchal e a Empresa Di\u00e1rio de Not\u00edcias, que assim se associaram ao Eurotour para a internacionaliza\u00e7\u00e3o do evento.<\/p><p style=\"text-align: justify;\">Como padrinho, contamos com a presen\u00e7a do dinamarqu\u00eas e hexacampe\u00e3o mundial de SUP, Casper Steinfath, e cerca de seis dezenas de participantes em representa\u00e7\u00e3o de pa\u00edses como o Peru, Dinamarca, Rep. Checa, Espanha, It\u00e1lia, Gr\u00e9cia, Hungria e Alemanha, atletas com curriculum not\u00e1vel e de notoriedade internacional.<\/p><p style=\"text-align: justify;\">A edi\u00e7\u00e3o de 2021 ficou decidida em termos da sua classifica\u00e7\u00e3o final na categoria elite masculina ao &#8216;photo finish&#8217;, em ano de estreia no Eurotour. Ter\u00edamos o h\u00fangaro Daniel Hasulyo e o italiano Leonard Nika a chegarem em simult\u00e2neo, no entanto Leonard Nika surpreendeu os envolvidos com a sua vit\u00f3ria, deixando em terceiro o peruano Itzel Delgado. Na elite feminina, a portuguesa Anabela Prioste superou a italiana Catarina Senta e a portuguesa Ver\u00f3nica Silva.<\/p><p style=\"text-align: justify;\">O ano de 2022 trouxe novamente at\u00e9 \u00e0 Madeira atletas da Austr\u00e1lia, Alemanha, Costa Rica, Holanda, Israel, It\u00e1lia, Reino Unido, Espanha, Portugal.<\/p><p style=\"text-align: justify;\">Em termos de resultados, e no sector elite masculino, a vit\u00f3ria sorriu ao Australiano Ty Judson, seguido do italiano Leonard Nika que superou novamente o h\u00fangaro Daniel Hasulyo.<\/p><p style=\"text-align: justify;\">J\u00e1 na elite feminina, a espanhola Esperanza Barreras, venceu de forma categ\u00f3rica a holandesa Petronella Van Malsen, fechando o podium a alem\u00e3 Susanne Lier.<\/p>\t\t\t\t\t\t\t\t<\/div>\n\t\t\t\t<\/div>\n\t\t\t\t\t<\/div>\n\t\t<\/div>\n\t\t\t\t\t<\/div>\n\t\t<\/section>\n\t\t\t\t<\/div>\n\t\t","protected":false},"excerpt":{"rendered":"<p>A primeira edi\u00e7\u00e3o do MISC ocorreu em 2017 e serviu de pretexto \u00e0 realiza\u00e7\u00e3o dos primeiros Campeonatos Nacionais de Portugal em SUP sob a \u00e9gide da Federa\u00e7\u00e3o Portuguesa de Surf, nas vertentes de Race e Maratona J\u00fanior, nos escal\u00f5es Sub15 e Sub18, e ainda, na primeira etapa do Circuito Nacional Open. Esta primeira edi\u00e7\u00e3o, ficou [&hellip;]<\/p>\n","protected":false},"author":1,"featured_media":0,"parent":0,"menu_order":0,"comment_status":"closed","ping_status":"closed","template":"","meta":{"footnotes":""},"class_list":["post-233","page","type-page","status-publish","hentry"],"yoast_head":"<!-- This site is optimized with the Yoast SEO plugin v26.9 - https:\/\/yoast.com\/product\/yoast-seo-wordpress\/ -->\n<title>Historial - Madeira Island SUP Challenge<\/title>\n<meta name=\"robots\" content=\"index, follow, max-snippet:-1, max-image-preview:large, max-video-preview:-1\" \/>\n<link rel=\"canonical\" href=\"https:\/\/www.clubenavaldofunchal.com\/madeirasupchallenge\/historial\/\" \/>\n<meta property=\"og:locale\" content=\"pt_PT\" \/>\n<meta property=\"og:type\" content=\"article\" \/>\n<meta property=\"og:title\" content=\"Historial - Madeira Island SUP Challenge\" \/>\n<meta property=\"og:description\" content=\"A primeira edi\u00e7\u00e3o do MISC ocorreu em 2017 e serviu de pretexto \u00e0 realiza\u00e7\u00e3o dos primeiros Campeonatos Nacionais de Portugal em SUP sob a \u00e9gide da Federa\u00e7\u00e3o Portuguesa de Surf, nas vertentes de Race e Maratona J\u00fanior, nos escal\u00f5es Sub15 e Sub18, e ainda, na primeira etapa do Circuito Nacional Open. Esta primeira edi\u00e7\u00e3o, ficou [&hellip;]\" \/>\n<meta property=\"og:url\" content=\"https:\/\/www.clubenavaldofunchal.com\/madeirasupchallenge\/historial\/\" \/>\n<meta property=\"og:site_name\" content=\"Madeira Island SUP Challenge\" \/>\n<meta property=\"article:publisher\" content=\"https:\/\/www.facebook.com\/profile.php?id=61557370452476\" \/>\n<meta property=\"article:modified_time\" content=\"2024-05-14T10:40:37+00:00\" \/>\n<meta name=\"twitter:card\" content=\"summary_large_image\" \/>\n<meta name=\"twitter:label1\" content=\"Tempo estimado de leitura\" \/>\n\t<meta name=\"twitter:data1\" content=\"3 minutos\" \/>\n<script type=\"application\/ld+json\" class=\"yoast-schema-graph\">{\"@context\":\"https:\/\/schema.org\",\"@graph\":[{\"@type\":\"WebPage\",\"@id\":\"https:\/\/www.clubenavaldofunchal.com\/madeirasupchallenge\/historial\/\",\"url\":\"https:\/\/www.clubenavaldofunchal.com\/madeirasupchallenge\/historial\/\",\"name\":\"Historial - Madeira Island SUP Challenge\",\"isPartOf\":{\"@id\":\"https:\/\/www.clubenavaldofunchal.com\/madeirasupchallenge\/#website\"},\"datePublished\":\"2024-03-11T18:12:21+00:00\",\"dateModified\":\"2024-05-14T10:40:37+00:00\",\"breadcrumb\":{\"@id\":\"https:\/\/www.clubenavaldofunchal.com\/madeirasupchallenge\/historial\/#breadcrumb\"},\"inLanguage\":\"pt-PT\",\"potentialAction\":[{\"@type\":\"ReadAction\",\"target\":[\"https:\/\/www.clubenavaldofunchal.com\/madeirasupchallenge\/historial\/\"]}]},{\"@type\":\"BreadcrumbList\",\"@id\":\"https:\/\/www.clubenavaldofunchal.com\/madeirasupchallenge\/historial\/#breadcrumb\",\"itemListElement\":[{\"@type\":\"ListItem\",\"position\":1,\"name\":\"In\u00edcio\",\"item\":\"https:\/\/www.clubenavaldofunchal.com\/madeirasupchallenge\/\"},{\"@type\":\"ListItem\",\"position\":2,\"name\":\"Historial\"}]},{\"@type\":\"WebSite\",\"@id\":\"https:\/\/www.clubenavaldofunchal.com\/madeirasupchallenge\/#website\",\"url\":\"https:\/\/www.clubenavaldofunchal.com\/madeirasupchallenge\/\",\"name\":\"Madeira Island SUP Challenge\",\"description\":\"\",\"publisher\":{\"@id\":\"https:\/\/www.clubenavaldofunchal.com\/madeirasupchallenge\/#organization\"},\"potentialAction\":[{\"@type\":\"SearchAction\",\"target\":{\"@type\":\"EntryPoint\",\"urlTemplate\":\"https:\/\/www.clubenavaldofunchal.com\/madeirasupchallenge\/?s={search_term_string}\"},\"query-input\":{\"@type\":\"PropertyValueSpecification\",\"valueRequired\":true,\"valueName\":\"search_term_string\"}}],\"inLanguage\":\"pt-PT\"},{\"@type\":\"Organization\",\"@id\":\"https:\/\/www.clubenavaldofunchal.com\/madeirasupchallenge\/#organization\",\"name\":\"Madeira Island SUP Challenge\",\"url\":\"https:\/\/www.clubenavaldofunchal.com\/madeirasupchallenge\/\",\"logo\":{\"@type\":\"ImageObject\",\"inLanguage\":\"pt-PT\",\"@id\":\"https:\/\/www.clubenavaldofunchal.com\/madeirasupchallenge\/#\/schema\/logo\/image\/\",\"url\":\"https:\/\/www.clubenavaldofunchal.com\/madeirasupchallenge\/wp-content\/uploads\/2024\/09\/madeirasupchallenge.jpg\",\"contentUrl\":\"https:\/\/www.clubenavaldofunchal.com\/madeirasupchallenge\/wp-content\/uploads\/2024\/09\/madeirasupchallenge.jpg\",\"width\":1348,\"height\":1348,\"caption\":\"Madeira Island SUP Challenge\"},\"image\":{\"@id\":\"https:\/\/www.clubenavaldofunchal.com\/madeirasupchallenge\/#\/schema\/logo\/image\/\"},\"sameAs\":[\"https:\/\/www.facebook.com\/profile.php?id=61557370452476\"]}]}<\/script>\n<!-- \/ Yoast SEO plugin. -->","yoast_head_json":{"title":"Historial - Madeira Island SUP Challenge","robots":{"index":"index","follow":"follow","max-snippet":"max-snippet:-1","max-image-preview":"max-image-preview:large","max-video-preview":"max-video-preview:-1"},"canonical":"https:\/\/www.clubenavaldofunchal.com\/madeirasupchallenge\/historial\/","og_locale":"pt_PT","og_type":"article","og_title":"Historial - Madeira Island SUP Challenge","og_description":"A primeira edi\u00e7\u00e3o do MISC ocorreu em 2017 e serviu de pretexto \u00e0 realiza\u00e7\u00e3o dos primeiros Campeonatos Nacionais de Portugal em SUP sob a \u00e9gide da Federa\u00e7\u00e3o Portuguesa de Surf, nas vertentes de Race e Maratona J\u00fanior, nos escal\u00f5es Sub15 e Sub18, e ainda, na primeira etapa do Circuito Nacional Open. Esta primeira edi\u00e7\u00e3o, ficou [&hellip;]","og_url":"https:\/\/www.clubenavaldofunchal.com\/madeirasupchallenge\/historial\/","og_site_name":"Madeira Island SUP Challenge","article_publisher":"https:\/\/www.facebook.com\/profile.php?id=61557370452476","article_modified_time":"2024-05-14T10:40:37+00:00","twitter_card":"summary_large_image","twitter_misc":{"Tempo estimado de leitura":"3 minutos"},"schema":{"@context":"https:\/\/schema.org","@graph":[{"@type":"WebPage","@id":"https:\/\/www.clubenavaldofunchal.com\/madeirasupchallenge\/historial\/","url":"https:\/\/www.clubenavaldofunchal.com\/madeirasupchallenge\/historial\/","name":"Historial - Madeira Island SUP Challenge","isPartOf":{"@id":"https:\/\/www.clubenavaldofunchal.com\/madeirasupchallenge\/#website"},"datePublished":"2024-03-11T18:12:21+00:00","dateModified":"2024-05-14T10:40:37+00:00","breadcrumb":{"@id":"https:\/\/www.clubenavaldofunchal.com\/madeirasupchallenge\/historial\/#breadcrumb"},"inLanguage":"pt-PT","potentialAction":[{"@type":"ReadAction","target":["https:\/\/www.clubenavaldofunchal.com\/madeirasupchallenge\/historial\/"]}]},{"@type":"BreadcrumbList","@id":"https:\/\/www.clubenavaldofunchal.com\/madeirasupchallenge\/historial\/#breadcrumb","itemListElement":[{"@type":"ListItem","position":1,"name":"In\u00edcio","item":"https:\/\/www.clubenavaldofunchal.com\/madeirasupchallenge\/"},{"@type":"ListItem","position":2,"name":"Historial"}]},{"@type":"WebSite","@id":"https:\/\/www.clubenavaldofunchal.com\/madeirasupchallenge\/#website","url":"https:\/\/www.clubenavaldofunchal.com\/madeirasupchallenge\/","name":"Madeira Island SUP Challenge","description":"","publisher":{"@id":"https:\/\/www.clubenavaldofunchal.com\/madeirasupchallenge\/#organization"},"potentialAction":[{"@type":"SearchAction","target":{"@type":"EntryPoint","urlTemplate":"https:\/\/www.clubenavaldofunchal.com\/madeirasupchallenge\/?s={search_term_string}"},"query-input":{"@type":"PropertyValueSpecification","valueRequired":true,"valueName":"search_term_string"}}],"inLanguage":"pt-PT"},{"@type":"Organization","@id":"https:\/\/www.clubenavaldofunchal.com\/madeirasupchallenge\/#organization","name":"Madeira Island SUP Challenge","url":"https:\/\/www.clubenavaldofunchal.com\/madeirasupchallenge\/","logo":{"@type":"ImageObject","inLanguage":"pt-PT","@id":"https:\/\/www.clubenavaldofunchal.com\/madeirasupchallenge\/#\/schema\/logo\/image\/","url":"https:\/\/www.clubenavaldofunchal.com\/madeirasupchallenge\/wp-content\/uploads\/2024\/09\/madeirasupchallenge.jpg","contentUrl":"https:\/\/www.clubenavaldofunchal.com\/madeirasupchallenge\/wp-content\/uploads\/2024\/09\/madeirasupchallenge.jpg","width":1348,"height":1348,"caption":"Madeira Island SUP Challenge"},"image":{"@id":"https:\/\/www.clubenavaldofunchal.com\/madeirasupchallenge\/#\/schema\/logo\/image\/"},"sameAs":["https:\/\/www.facebook.com\/profile.php?id=61557370452476"]}]}},"_links":{"self":[{"href":"https:\/\/www.clubenavaldofunchal.com\/madeirasupchallenge\/wp-json\/wp\/v2\/pages\/233","targetHints":{"allow":["GET"]}}],"collection":[{"href":"https:\/\/www.clubenavaldofunchal.com\/madeirasupchallenge\/wp-json\/wp\/v2\/pages"}],"about":[{"href":"https:\/\/www.clubenavaldofunchal.com\/madeirasupchallenge\/wp-json\/wp\/v2\/types\/page"}],"author":[{"embeddable":true,"href":"https:\/\/www.clubenavaldofunchal.com\/madeirasupchallenge\/wp-json\/wp\/v2\/users\/1"}],"replies":[{"embeddable":true,"href":"https:\/\/www.clubenavaldofunchal.com\/madeirasupchallenge\/wp-json\/wp\/v2\/comments?post=233"}],"version-history":[{"count":16,"href":"https:\/\/www.clubenavaldofunchal.com\/madeirasupchallenge\/wp-json\/wp\/v2\/pages\/233\/revisions"}],"predecessor-version":[{"id":3045,"href":"https:\/\/www.clubenavaldofunchal.com\/madeirasupchallenge\/wp-json\/wp\/v2\/pages\/233\/revisions\/3045"}],"wp:attachment":[{"href":"https:\/\/www.clubenavaldofunchal.com\/madeirasupchallenge\/wp-json\/wp\/v2\/media?parent=233"}],"curies":[{"name":"wp","href":"https:\/\/api.w.org\/{rel}","templated":true}]}}